e -4*h = -5*h + 1, -3*s + 3*h = -r. Calculate the highest common divisor of 8 and s.
8
Suppose 3*t - 4*b - 264 = -0*b, -4*t + 366 = -3*b. What is the greatest common divisor of t and 1488?
48
Suppose -12*z - 3885 = -4293. Calculate the highest common factor of 2006 and z.
34
Let v be (-45)/(-5*(-15)/(-250)). Calculate the greatest common divisor of 3210 and v.
30
Suppose 0 = 3*v + 3*f - 234, v + 10*f - 6*f = 96. What is the greatest common factor of 279 and v?
9
Let z = -222 + 342. Suppose -5*j + 2 = 2*s, 0 = 3*j - 3*s + 1 + 2. Let v be (j - -1)/(((-21)/z)/(-7)). Calculate the greatest common factor of 100 and v.
20
Let f(j) = -3*j + 1. Let p be f(1). Let n be p/(14/8 + -2). Calculate the greatest common factor of 64 and n.
8
Let m be ((-148)/(88800/(-1125)))/((-15)/8 - -2). Let v be -2 + ((-2)/1 - -139). What is the greatest common divisor of m and v?
15
Let x be (-114)/(-9)*(-3)/(-2). Let y(d) = d**3 - 17*d**2 + 156*d - 1852. Let p be y(15). Calculate the greatest common factor of x and p.
19
Let j = 2847 - 2552. Calculate the greatest common factor of j and 1357.
59
Suppose -6 = -2*i, i - 1 = 5*s + 17. Let d(q) = q + 15. Let t be d(s). Calculate the greatest common divisor of 28 and t.
4
Let f be (1 + -11)*308/(-8). Let z be ((-151)/(-11) - 1)/((-2906)/(-15983)). Calculate the greatest common divisor of f and z.
35
Let v be 31/5 - 0 - (-246)/(-1230). Calculate the highest common factor of 1242 and v.
6
Suppose -3*z = -2*z - 15. Let l(x) = -z*x + 23 + 3 + x**2 - 2*x**2. Let o be l(-12). What is the greatest common factor of 31 and o?
31
Let u be (642704/(-28))/(-2) - (-5)/35. Calculate the greatest common divisor of u and 23.
23
Suppose 5*d = -26 + 81. Let t = 16 - d. Let w = 260 - 225. What is the highest common divisor of t and w?
5
Let p(n) = -6*n**3 + 37*n**2 - 287*n + 1711. Let k be p(6). Let d = 6 + -1. What is the greatest common divisor of d and k?
5
Let q(a) = a**2 + 53*a - 46582. Let u be q(191). Let m = 51 - 33. What is the greatest common divisor of m and u?
2
Let c(g) = -3*g - 20. Let o be c(-7). Let f be (11/(-33))/(o/123). Let p = f - -53. Calculate the highest common divisor of 12 and p.
12
Let f(u) = 14*u + 158. Suppose -137*c = -143*c - 42. Let j be f(c). What is the highest common divisor of 165 and j?
15
Suppose 42 = -10*h + 2. Let l be 392/112 - (-2)/h. Calculate the greatest common factor of 249 and l.
3
Suppose 4*c = 5*i - 9912, -2*i - 20*c + 14*c + 3904 = 0. Calculate the greatest common factor of i and 104.
104
Let y be 1 + (-16)/6*2670/(-40). Let k = y - -77. What is the highest common divisor of k and 16?
16
Let u = 59 - 54. Suppose 4*r = -u*y + 40, -2*y = -3*r + 3 + 4. Suppose -2*v - 3*v - 4*p = -59, 3*p = -r*v + 63. What is the greatest common factor of 165 and v?
15
Suppose -2*a = -2*l - 102, -l - 84 = -2*a - 5*l. Let f = a - -28. Let h = -20 + f. What is the highest common factor of 140 and h?
28
Suppose 0 = 22*o + 2*o - 8*o - 1856. What is the greatest common divisor of o and 116?
116
Suppose 2*s + 4 = -14. Let l be (s/(-4))/(3/8). Let d be 918/14 + (-15)/(-35). Calculate the highest common factor of d and l.
6
Let l(i) = -i**2 - 16*i - 27. Let u = -4 + 30. Suppose 2*k + 19 = -p, -3*k + u - 87 = 4*p. Let g be l(p). Calculate the highest common divisor of 96 and g.
12
Suppose -2877 = -14*f - 525. Let s(y) = y**3 + 9*y**2 + 4*y - 14. Let b be s(-7). What is the greatest common factor of b and f?
56
Suppose -850 = -4*y - 3*b, 3*y - 622 + 16 = 3*b. What is the greatest common factor of y and 9464?
104
Suppose -242*g + 112221 = 95*g. What is the highest common divisor of 3737 and g?
37
Let z(k) = k**3 + 130*k**2 + 21*k + 2743. Let q be z(-130). Let r = 20 - 7. What is the highest common factor of q and r?
13
Suppose 2*c + 173 = 317. Let y = 64 - 31. Suppose 6 = -3*x + y. What is the highest common factor of x and c?
9
Let y be 1 - (-1828 - (-1 + -5)). Suppose 2*f - 6*f + 5*d = -y, -3*f + d = -1381. What is the highest common factor of f and 42?
42
Let c be 36377/(-55) - (0 - (-12)/20). Let a = c - -1096. Calculate the highest common divisor of 56 and a.
14
Let j(u) = 9*u**2 - 5*u + 3. Let a be j(1). Suppose 3*f - 3*g = 183, -3*f - 276 = -a*f - 4*g. Let p = 5 - -21. Calculate the highest common factor of f and p.
13
Let r(n) = -n**2 - 196*n + 2660. Let t be r(12). Calculate the greatest common divisor of t and 9389.
41
Let i = -12085 - -12184. What is the greatest common divisor of i and 108?
9
Suppose 197*l + 43*l - 1897000 = -40*l. What is the greatest common divisor of l and 200?
25
Let v(n) = 114*n**2 + 613*n - 1. Let u be v(-6). What is the highest common factor of u and 175?
25
Let y(b) be the second derivative of b**4/12 + 7*b**3/3 - 57*b**2/2 - 5*b - 2. Let o be y(9). Calculate the greatest common factor of 15 and o.
15
Suppose -v = 2*q + 11 - 58, 0 = v + 5. Calculate the greatest common divisor of 598 and q.
26
Suppose -9 = -3*a - 4*h, -3*h = 3*a + 56 - 65. What is the greatest common divisor of 681 and a?
3
Suppose -4*h = 5 - 1, -8 = -f + 4*h. Suppose -4*n + 0*n + 63 = 5*m, -f*m = -12. Calculate the highest common divisor of 42 and n.
6
Suppose 96 = 4*u - u. Suppose 4*k - 697 = -m, 0 = 3*k + 3*m - 359 - 148. Calculate the greatest common divisor of u and k.
16
Let b be 243/(-18) - (-2 + 1/2). Let v be 35/(-14)*(0 + b/5). What is the greatest common factor of 366 and v?
6
Let s be (1 - 1) + 9 - (35 + -33). Suppose -10 = -s*m + 18. Suppose -p = 5*l - 20, 2*p = -0*p - m*l + 34. Calculate the highest common divisor of p and 75.
15
Let t(s) = -2*s - 2*s - 39 + 38. Let c be t(-1). Suppose -2*m + 12 = 2*u - 38, 0 = -c*m - 3. What is the highest common divisor of 26 and u?
26
Let o = -226 - -227. Let i be (o + 12/9)/(4/72). Calculate the highest common factor of i and 14.
14
Let m be 227 - 44 - (-14)/(-2). What is the greatest common divisor of m and 11?
11
Suppose -75 = -6*v + 189. Suppose 0 = -b + 5, 2*b - v = -z - 0*b. Suppose 272 = 18*f - 340. What is the greatest common divisor of f and z?
34
Let g be 9 - 6 - (-26)/(-39)*-408. Calculate the greatest common factor of 198 and g.
11
Let z(n) be the first derivative of 3*n**2 + 10*n - 67. Let p be z(15). What is the highest common divisor of 4 and p?
4
Let l be 2*(-27)/(-6) - 2. Let g(t) = -t + 9. Let y be g(l). Suppose 25*d = 43*d - 324. Calculate the highest common factor of d and y.
2
Suppose -4*y - 3*q = -73, 10 = -4*q + 2*q. Suppose -y*a + 244 = 24. What is the greatest common divisor of 120 and a?
10
Let g be 1/2 - 9/(-2). Let x(u) = 1420*u**2 - 1414*u - 1. Let o be x(1). Calculate the greatest common divisor of g and o.
5
Let o(l) = -1125*l + 45032. Let g be o(40). Let h be 78/(-5)*(-120)/9. What is the highest common divisor of h and g?
16
Let i(f) = -f**2 + 26*f - 126. Suppose 221 = 24*y - 11*y. Let j be i(y). Calculate the greatest common divisor of 42 and j.
3
Let t = 7093 + -7083. Calculate the greatest common factor of 23830 and t.
10
Suppose 0 = -2*k - 5 + 1. Let i be (3*k/8)/((-177)/472). Suppose i*s = 7*s - 120. Calculate the greatest common divisor of s and 192.
24
Let n(d) = -d**2 + 35*d - 64. Let s be n(33). Suppose 0 = s*r - h - 145, r = -4*h + 42 + 8. What is the greatest common divisor of 30 and r?
10
Let r be 3/(-2)*(5236/(-21))/22. Calculate the greatest common factor of 15640 and r.
17
Let s = 108 + -70. Let f be 19/s*(1 + -1). Let m(b) = -b**2 - b + 34. Let k be m(f). Calculate the greatest common divisor of k and 272.
34
Suppose 2*z - y - 9 - 20 = 0, 5*z = 5*y + 75. What is the greatest common factor of 4606 and z?
14
Suppose 1100*w - 1099*w - 3*t - 274 = 0, -9 = 3*t. Let f = 34 - -72. Calculate the greatest common divisor of w and f.
53
Let a be 3/(56/84 - (-10)/(-18)). Let l(y) = 12*y**2 - 8*y - 8. Let r be l(-4). What is the highest common factor of r and a?
27
Suppose 3*f - 7*f + 16 = 4*y, 5*f - 56 = 4*y. Suppose -3*u = -2*u + 15. Let t be 29 + -1 + 19 + u. Calculate the highest common divisor of t and f.
8
Let g = 1231 + -1216. Calculate the greatest common divisor of g and 445.
5
Let x(i) = -356*i - 80. Let z be x(-10). Suppose -17*b + 11*b + z = 0. What is the highest common factor of 20 and b?
20
Suppose 15 = 3*g, -51*t + 4*g = -54*t + 3401. What is the highest common divisor of 1225 and t?
49
Let i = -101 - -378. Suppose -